rs of 257679.
3, 28631
List the prime factors of 6390142.
2, 11, 71, 4091
What are the prime factors of 2686391?
17, 19, 8317
What are the prime factors of 112427?
7, 16061
What are the prime factors of 7914991?
7, 701, 1613
What are the prime factors of 7996725?
3, 5, 11, 359
List the prime factors of 17642784.
2, 3, 37, 4967
What are the prime factors of 24062933?
24062933
List the prime factors of 34268619.
3, 7, 11, 109, 1361
What are the prime factors of 10096207?
11, 917837
List the prime factors of 673413.
3, 13, 31, 557
List the prime factors of 5841017.
7, 13, 64187
List the prime factors of 1541618.
2, 13, 4561
What are the prime factors of 897633?
3, 11, 9067
What are the prime factors of 895972?
2, 7, 11, 2909
What are the prime factors of 54820?
2, 5, 2741
List the prime factors of 752016.
2, 3, 15667
List the prime factors of 4601081.
23, 251, 797
List the prime factors of 179216.
2, 23, 487
What are the prime factors of 128083?
349, 367
What are the prime factors of 2830452?
2, 3, 235871
What are the prime factors of 117581?
307, 383
List the prime factors of 19765697.
7, 2823671
List the prime factors of 3450274.
2, 863, 1999
List the prime factors of 3706184.
2, 53, 8741
List the prime factors of 81973.
81973
What are the prime factors of 2440693?
2440693
What are the prime factors of 7196170?
2, 5, 47, 61, 251
What are the prime factors of 3515782?
2, 389, 4519
What are the prime factors of 508227?
3, 169409
What are the prime factors of 2276233?
2276233
List the prime factors of 8448653.
83, 137, 743
List the prime factors of 131680.
2, 5, 823
What are the prime factors of 660978?
2, 3, 36721
List the prime factors of 2329493.
17, 137029
What are the prime factors of 49931?
7, 1019
List the prime factors of 1130294.
2, 11, 83, 619
List the prime factors of 17688379.
53, 83, 4021
What are the prime factors of 97381?
97381
List the prime factors of 2947366.
2, 163, 9041
List the prime factors of 505252.
2, 11, 11483
What are the prime factors of 232374?
2, 3, 38729
What are the prime factors of 1575214?
2, 19, 41453
What are the prime factors of 63328?
2, 1979
What are the prime factors of 191017?
67, 2851
List the prime factors of 413691.
3, 73, 1889
List the prime factors of 214220.
2, 5, 10711
List the prime factors of 9572352.
2, 3, 19, 41
List the prime factors of 159948.
2, 3, 1481
List the prime factors of 247078.
2, 13, 17, 43
List the prime factors of 2842702.
2, 1421351
What are the prime factors of 341143?
11, 31013
List the prime factors of 787383.
3, 89, 983
List the prime factors of 963339.
3, 13, 17, 1453
List the prime factors of 73644.
2, 3, 17, 19
What are the prime factors of 110130?
2, 3, 5, 3671
List the prime factors of 7059981.
3, 17, 479
What are the prime factors of 386779?
461, 839
List the prime factors of 159698.
2, 7, 11, 17, 61
What are the prime factors of 222586?
2, 7, 13, 1223
List the prime factors of 4641136.
2, 17, 113, 151
What are the prime factors of 235694?
2, 191, 617
What are the prime factors of 351217?
351217
What are the prime factors of 8064378?
2, 3, 7, 29, 2207
List the prime factors of 19649242.
2, 59, 89, 1871
What are the prime factors of 5477735?
5, 101, 10847
List the prime factors of 7293.
3, 11, 13, 17
List the prime factors of 14871044.
2, 3717761
What are the prime factors of 168857?
13, 31, 419
List the prime factors of 18462977.
13, 599, 2371
List the prime factors of 2210670.
2, 3, 5, 7, 11, 29
List the prime factors of 1610956.
2, 402739
What are the prime factors of 1076921?
1076921
List the prime factors of 4064395.
5, 71, 107
What are the prime factors of 4612253?
17, 97, 2797
List the prime factors of 263399.
263399
What are the prime factors of 26546?
2, 13, 1021
What are the prime factors of 6398675?
5, 255947
List the prime factors of 1579494.
2, 3, 7, 37607
List the prime factors of 266858.
2, 29, 43, 107
List the prime factors of 410416.
2, 113, 227
What are the prime factors of 14769751?
14769751
List the prime factors of 1095782.
2, 173, 3167
What are the prime factors of 255295?
5, 51059
List the prime factors of 8399249.
1087, 7727
What are the prime factors of 5559492?
2, 3, 463291
What are the prime factors of 11473973?
7, 41, 39979
What are the prime factors of 147093?
3, 49031
What are the prime factors of 712295?
5, 43, 3313
List the prime factors of 6609519.
3, 7, 11657
List the prime factors of 266785.
5, 229, 233
List the prime factors of 2847172.
2, 711793
What are the prime factors of 2710169?
7, 11, 61, 577
What are the prime factors of 248750?
2, 5, 199
What are the prime factors of 93599?
11, 67, 127
List the prime factors of 123165.
3, 5, 7, 17, 23
What are the prime factors of 154504?
2, 7, 31, 89
List the prime factors of 251744.
2, 7867
List the prime factors of 1342421.
571, 2351
What are the prime factors of 3606088?
2, 450761
What are the prime factors of 9485415?
3, 5, 101, 2087
List the prime factors of 224494.
2, 112247
What are the prime factors of 67477?
67477
What are the prime factors of 3034524?
2, 3, 252877
What are the prime factors of 23716?
2, 7, 11
What are the prime factors of 699151?
699151
What are the prime factors of 23396481?
3, 2599609
List the prime factors of 39847.
39847
What are the prime factors of 913043?
31, 29453
What are the prime factors of 1233605?
5, 17, 23, 631
What are the prime factors of 2153925?
3, 5, 3191
List the prime factors of 88875.
3, 5, 79
List the prime factors of 464716.
2, 7, 2371
List the prime factors of 21251233.
191, 111263
What are the prime factors of 1589100?
2, 3, 5, 5297
What are the prime factors of 2016165?
3, 5, 257, 523
List the prime factors of 3277333.
193, 16981
What are the prime factors of 22505036?
2, 5626259
List the prime factors of 814423.
814423
What are the prime factors of 501047?
71, 7057
List the prime factors of 352710.
2, 3, 5, 3919
List the prime factors of 26069717.
26069717
What are the prime factors of 1127?
7, 23
List the prime factors of 7209978.
2, 3, 131, 9173
List the prime factors of 1098559.
7, 11, 1297
What are the prime factors of 2147177?
2147177
What are the prime factors of 878237?
17, 19, 2719
What are the prime factors of 32501295?
3, 5, 101, 7151
What are the prime factors of 17424707?
17424707
List the prime factors of 120325.
5, 4813
List the prime factors of 1129848.
2, 3, 179, 263
What are the prime factors of 694293?
3, 231431
What are the prime factors of 11303183?
11303183
What are the prime factors of 1283780?
2, 5, 64189
What are the prime factors of 117757?
117757
What are the prime factors of 3453715?
5, 317, 2179
List the prime factors of 80860.
2, 5, 13, 311
What are the prime factors of 942840?
2, 3, 5, 97
What are the prime factors of 1630202?
2, 7, 116443
List the prime factors of 17429171.
373, 46727
What are the prime factors of 519114?
2, 3, 241, 359
What are the prime factors of 367583?
149, 2467
What are the prime factors of 1388090?
2, 5, 11, 12619
What are the prime factors of 1132654?
2, 521, 1087
List the prime factors of 1834765.
5, 366953
What are the prime factors of 13117026?
2, 3, 13, 211, 797
What are the prime factors of 220228?
2, 55057
What are the prime factors of 19133?
19, 53
What are the prime factors of 15975140?
2, 5, 798757
What are the prime factors of 40257?
3, 7, 71
List the prime factors of 218155.
5, 7, 23, 271
List the prime factors of 10820765.
5, 167, 12959
What are the prime factors of 31816263?
3, 37, 286633
List the prime factors of 3594101.
7, 41, 1789
List the prime factors of 385068.
2, 3, 32089
List the prime factors of 9233282.
2, 41, 112601
What are the prime factors of 8490883?
2221, 3823
What are the prime factors of 6516044?
2, 1629011
What are the prime factors of 3118248?
2, 3, 7, 23, 269
List the prime factors of 51637.
51637
What are the prime factors of 567113?
317, 1789
List the prime factors of 1310484.
2, 3, 7, 15601
What are the prime factors of 3274510?
2, 5, 23, 619
List the prime factors of 482370.
2, 3, 5, 7, 2297
List the prime factors of 1006220.
2, 5, 50311
List the prime factors of 894755.
5, 178951
What are the prime factors of 1031158?
2, 515579
What are the prime factors of 4781425?
5, 11, 17387
List the prime factors of 1952259.
3, 293, 2221
What are the 